
Let x(p) = 87*p**2 - 1506*p + 1827. Determine x(16).
3
Let m(n) = -45410*n + 3769016. What is m(83)?
-14
Let c(x) = -364*x + 4120. Determine c(13).
-612
Let c(r) = 6292*r - 162898. What is c(26)?
694
Let u(p) = 5*p**2 + 347*p - 15987. Give u(-101).
-29
Let w(z) = -z**2 + 256715*z + 7702341. Give w(-30).
-9
Let y(v) = -433*v + 107818. Calculate y(249).
1
Let n(u) = u**3 + 44*u**2 - 177*u - 7150. Give n(-44).
638
Let n(s) = -372*s**3 - 10418*s**2 - 122*s - 1843. What is n(-28)?
5
Let h(c) = 704*c - 142905. What is h(203)?
7
Let x(y) = -320*y**3 + 14400*y**2 + 7*y - 178. Determine x(45).
137
Let u(r) = -r**3 - 643*r**2 - 31810*r - 2347. Give u(-589).
9
Let g(b) = 20922*b + 1359863. Give g(-65).
-67
Let p(j) = -826*j + 14269. Calculate p(20).
-2251
Let s(i) = -3*i**3 + 119*i**2 - 69*i + 4335. Give s(40).
-25
Let l(w) = w**2 - 838*w + 67326. What is l(90)?
6
Let t(y) = 6*y**2 - 172*y + 814. What is t(26)?
398
Let p(k) = -k**3 - k**2 - 608*k + 415. Give p(0).
415
Let x(k) = 3661*k + 139104. Determine x(-38).
-14
Let a(l) = -80792*l + 565960. Give a(7).
416
Let f(u) = -132*u**2 + 784*u - 19. Calculate f(7).
-999
Let a(t) = -66*t**2 + 3084*t - 6160. What is a(2)?
-256
Let y(o) = -o**3 - 211*o**2 - 1821*o - 531. Give y(-202).
75
Let v(o) = 5*o**3 - 273*o**2 + 214*o - 2800. Determine v(54).
8
Let s(d) = 158*d - 4086. Calculate s(23).
-452
Let u(v) = -v**3 - 66*v**2 - 617*v - 5918. Determine u(-57).
10
Let n(k) = -k**2 - 14645*k + 764246. Determine n(52).
2
Let k(x) = 666*x**2 - 5987*x - 22. Give k(9).
41
Let w(k) = 4600*k - 96753. Calculate w(21).
-153
Let s(u) = u**3 + 16*u**2 + 144*u + 3175. What is s(-17)?
438
Let w(g) = -22*g**3 - 572*g**2 + 39*g + 10. What is w(-26)?
-1004
Let r(u) = -317*u + 26. Give r(0).
26
Let c(v) = 35*v**2 + 357*v + 95. Calculate c(-10).
25
Let c(h) = -h**2 + 61*h + 142. Determine c(59).
260
Let s(z) = z**3 + 76*z**2 + 1403*z - 117. What is s(-44)?
103
Let h(r) = 3*r**2 - 55*r - 404. What is h(-19)?
1724
Let p(i) = 62660*i + 2381033. Give p(-38).
-47
Let l(y) = -y**3 - 16*y**2 - 168*y - 3368. Determine l(-17).
-223
Let a(l) = 3092*l - 22481. What is a(8)?
2255
Let x(t) = 4*t**3 + 81*t**2 - 229*t - 5336. What is x(-20)?
-356
Let y(f) = -7*f**2 - 39*f + 1049. Calculate y(-20).
-971
Let v(f) = -3*f**2 - 811*f - 13625. Determine v(-18).
1
Let g(t) = 3*t**2 - 1552*t + 46888. Give g(33).
-1061
Let v(c) = -c**3 - 11*c**2 - 17*c - 11. What is v(-11)?
176
Let x(p) = 13*p**3 + 40*p**2 - 237*p - 723. Give x(-3).
-3
Let b(r) = -3*r**2 - 430*r + 7758. What is b(17)?
-419
Let r(o) = -4*o + 783. What is r(24)?
687
Let z(o) = -328751*o + 3287548. Calculate z(10).
38
Let t(c) = c**3 + 19*c**2 - 112*c - 2279. Calculate t(-13).
191
Let f(y) = -9*y**3 - 2517*y**2 + 843*y + 996. What is f(-280)?
156
Let h(b) = 7368*b + 6918529. What is h(-939)?
-23
Let f(t) = 1125695*t - 6754184. Determine f(6).
-14
Let o(z) = 2*z**2 - 49085*z - 1179196. Give o(-24).
-4
Let o(j) = -254*j - 10165. Determine o(-48).
2027
Let t(l) = -3766*l + 48977. What is t(13)?
19
Let x(z) = 569*z + 3154. Determine x(-8).
-1398
Let s(n) = -80*n**2 + 610*n + 19793. Give s(20).
-7
Let q(b) = -3422*b - 960. What is q(-1)?
2462
Let l(n) = -5*n**3 - 1677*n**2 - 7299*n - 5632. Determine l(-331).
-5
Let v(d) = -d**3 + 11*d**2 + 436*d + 1210. Determine v(-14).
6
Let z(i) = 200*i**2 - 20589*i - 1175. What is z(103)?
-42
Let h(x) = -x**3 - 4*x**2 - 5*x + 884. Give h(0).
884
Let f(t) = t**2 - 295*t - 19644. What is f(-56)?
12
Let u(n) = 229*n + 10741. What is u(-49)?
-480
Let v(o) = -2*o**3 + 48*o**2 + 3157*o + 45649. What is v(58)?
3
Let j(a) = -7*a**3 - 159*a**2 + 194*a + 3300. Give j(-23).
-104
Let w(t) = -80*t**2 + 8899*t + 6819. Calculate w(112).
-13
Let b(c) = c**2 - 978*c - 15259. What is b(-15)?
-364
Let w(a) = -a**3 - 17*a**2 - 128*a - 627. Calculate w(-10).
-47
Let x(p) = 29*p**2 + 3055*p - 2022. Calculate x(-106).
-8
Let w(m) = 42979*m - 295. Calculate w(0).
-295
Let o(t) = -1845*t + 51737. What is o(28)?
77
Let i(j) = 16981*j + 1766099. Give i(-104).
75
Let t(b) = -9*b**2 - 101*b + 1256. What is t(10)?
-654
Let y(p) = 124*p**2 - 6573*p + 24. Calculate y(53).
-29
Let t(r) = -29*r**2 + 1013*r + 4582. Determine t(39).
-20
Let y(h) = 2*h**2 + 837642*h - 3350595. What is y(4)?
5
Let a(h) = -h**3 - 6*h**2 + 441*h - 888. Determine a(-25).
-38
Let k(f) = 74*f**2 + 230*f - 1200. Give k(5).
1800
Let h(f) = 167924*f + 20150883. Calculate h(-120).
3
Let g(l) = 6*l**2 + 169*l + 965. Give g(-12).
-199
Let l(a) = -7755*a - 1574261. Determine l(-203).
4
Let v(x) = 89350*x + 1429615. Determine v(-16).
15
Let r(g) = -g**3 - 57*g**2 + 522*g + 32541. Determine r(-56).
173
Let o(n) = 7*n**2 - 989*n + 147. Calculate o(143).
1863
Let b(t) = t**3 + 21*t**2 - 538*t - 8023. Give b(-30).
17
Let s(b) = -82*b + 3363. Give s(43).
-163
Let u(o) = 4*o**2 + 328*o - 136095. Give u(148).
65
Let y(j) = 1543*j + 27835. Determine y(-18).
61
Let x(g) = g**3 - 6*g**2 - 3746*g + 26221. Calculate x(7).
48
Let v(r) = r**3 - 237*r**2 - 994*r + 6842. Give v(241).
-388
Let w(c) = -c**2 - 246*c + 10537. Calculate w(37).
66
Let k(y) = -8*y**3 + 82*y**2 + 38*y + 360. Determine k(11).
52
Let q(f) = -f**2 + 1967*f - 137982. Give q(73).
280
Let i(w) = -2*w**3 + 63*w**2 + 4426*w - 132628. Determine i(29).
-69
Let i(g) = -386399*g + 2704838. What is i(7)?
45
Let u(z) = -4*z**2 - 434*z - 2343. Give u(-94).
3109
Let w(d) = -6082*d + 967032. What is w(159)?
-6
Let z(k) = 5*k**2 + 755*k + 13099. Give z(-20).
-1
Let x(q) = 7571*q - 408817. Calculate x(54).
17
Let s(g) = -g**3 - 6*g**2 + 29*g + 313. Calculate s(-8).
209
Let z(l) = -244*l + 34712. Calculate z(143).
-180
Let z(h) = -2*h**2 + 28*h - 179. Give z(8).
-83
Let v(i) = 11380*i - 204866. What is v(18)?
-26
Let u(a) = a**2 + 356*a + 11170. Calculate u(-31).
1095
Let m(x) = -1480*x + 100498. Calculate m(68).
-142
Let q(x) = -9*x**2 - 763*x + 13664. Give q(19).
-4082
Let q(t) = 5*t**2 - 1221*t - 11134. What is q(253)?
-2
Let r(u) = 676*u + 179938. Give r(-266).
122
Let m(v) = -7*v**2 + 64*v - 14. What is m(7)?
91
Let b(t) = t**3 + 304*t**2 - 59. Calculate b(-304).
-59
Let o(b) = 2848*b - 2783. What is o(1)?
65
Let k(r) = 4*r**3 + 46*r**2 + 104*r + 45. Give k(-7).
199
Let i(z) = -18*z**3 - 90*z**2 - 15*z - 21. What is i(-4)?
-249
Let d(o) = -o**2 - 22400*o + 403512. Calculate d(18).
-12
Let k(h) = -h**3 - 359*h**2 - 9916*h - 15134. Calculate k(-329).
0
Let s(r) = -1949*r + 10880. Determine s(6).
-814
Let o(t) = 80*t - 106. Calculate o(-26).
-2186
Let b(m) = -7105*m + 682155. Calculate b(96).
75
Let s(t) = -3*t**3 + 463*t**2 + 2911*t + 313. Determine s(-6).
163
Let i(w) = w**3 + 27*w**2 - 2549*w - 72240. Calculate i(-29).
-1
Let s(y) = -2*y**2 - 173*y - 3109. Give s(-25).
-34
Let n(s) = -7231*s - 361746. What is n(-50)?
-196
Let u(n) = n**3 - 32*n**2 + 9*n + 769. Give u(31).
87
Let n(v) = -32726*v + 949078. Give n(29).
24
Let i(w) = -166*w**2 - 15*w + 1. Calculate i(-3).
-1448
Let b(o) = -132*o**2 - 5282*o - 32. Determine b(-40).
48
Let b(n) = -20278*n - 7036450. Give b(-347).
16
Let a(z) = 2*z**2 + 547*z - 16752. Calculate a(28).
132
Let q(u) = 739*u + 730. What is q(-1)?
-9
Let p(z) = 202289*z - 2629810. Give p(13).
-53
Let r(q) = -q - 984. Calculate r(80).
-1064
Let i(l) = -76*l - 1380. Determine i(-25).
520
Let w(z) = -z**3 + 5*z**2 - 46*z - 326. What is w(-7)?
584
Let o(p) = 8*p**3 - 11*p**2 + 18*p + 17. Calculate o(4).
425
Let f(z) = -1070*z**2 + 1493*z + 2991. Calculate f(-2).
-4275
Let u(s) = 2*s**2 - 1461*s + 66779. Determine u(49).
-8
Let j(t) = -682506*t + 11602612. Determine j(17).
10
Let y(h) = 3155*h + 63091. Determine y(-20).
-9
Let s(u) = -304*u**3 - 5*u**2 + 45*u - 38. Give s(1).
-302
Let g(p) = 15*p**2 + 185*p + 633. What is g(-4)?
133
Let p(r) = r**3 + 114*r**2 - 90*r + 1305. Determine p(-115).
-1570
Let d(q) = 10487*q**2 + 629220*q - 3. Give d(-60).
-3
Let w(d) = 1381*d**3 + 8288*d**2 - 74*d - 546. Give w(-6).
-30
Let w(v) = 5*v**3 + 1001*v**2 + 9*v - 38220. Give w(-200).
-20
Let w(v) = -2*v**3 + 194*v**2 - 1029*v + 561. What is w(5)?
16
Let k(c) = 588020*c - 2940044. Determine k(5).
56
Let v(s) = -74*s**2 - 214*s - 151. Calculate v(-2).
-19
Let f(i) = -28*i**2 - 55*i - 385. Give f(-13).
-4402
Let d(q) = 362720*q + 59486081. Determine d(-164).
1
Let u(r) = -2*